46. Let b(s) = -5*r(s) - 6*u(s). Let i be b(12). What is g(i)?
-4
Let g(d) = d**3 - 4*d**2 - 5*d - 7. Let r be g(5). Let s(f) = -2*f**2 - 13*f. Let p be s(r). Let z(w) = -w**3 - 8*w**2 - 8*w + 3. Calculate z(p).
10
Let w(p) = -2*p**2 - 6*p - 17. Let g(u) = 3*u**2 + 11*u + 30. Let q(v) = 3*g(v) + 5*w(v). What is q(5)?
-5
Let w(y) = -y**3 + 6*y**2 + 3*y + 9. Suppose -n + 4*z - 5 = 0, 2*n + 3*z = -z + 26. Determine w(n).
-19
Let q(c) be the first derivative of -c**3/3 - 5*c**2 + 6*c + 86. What is q(-10)?
6
Let h = 66 - 53. Let a(g) = -11 + 3*g - g**2 - 6 + h. Give a(5).
-14
Suppose 0 = 13*w - 235 - 1117. Let g = -104 + w. Let t(r) = -r + 24. Calculate t(g).
24
Let p(k) = k**3 - 5*k**2 - 12*k + 8. Let i(t) = 5*t. Let m(s) = -11*s. Let x(l) = -9*i(l) - 4*m(l). Let n(y) = p(y) - 4*x(y). Give n(6).
-4
Suppose -5*f + 15 + 10 = 0. Let j(v) = v**3 - 7*v**2 + 5*v - 7. Calculate j(f).
-32
Let u(q) = -q**3 + 6*q**2 + 3*q - 7. Let i(x) = x**3 + 6*x**2 + x + 7. Let p be i(-6). Let w be 9 + p + 2 + -6. Give u(w).
11
Let y(t) = -t**3 - 6*t**2 + 2*t + 1. Suppose 2*d - 60 = -4*d. Let q be 4/(-3 + 4) - d. Give y(q).
-11
Let q be -3*2/(-6)*10. Let o = q - 3. Let p(b) be the third derivative of -b**6/120 + b**5/10 + 7*b**4/24 + b**3/3 - 44*b**2 + 3. Give p(o).
2
Let c(x) = 9*x**2 + 4*x + 4. Let d(z) = -2*z**2 - z - 1. Let p(b) = c(b) + 4*d(b). Give p(2).
4
Let x(q) = -10*q**3 + 2*q + 1. Let h be (-5)/4 + -4 + (-136)/(-32). Give x(h).
9
Let p(h) = -h**2 + 14*h - 4. Let m = -176 - -189. Determine p(m).
9
Let h(x) = 9*x + 1. Let k(l) = l**3 + 24*l**2 + 21*l - 45. Let s be k(-23). Give h(s).
10
Suppose 15 = 3*k + 4*k + 22. Let o(i) = -i + 4*i + i. Give o(k).
-4
Suppose w + 114 - 12 = 0. Let q = -94 - w. Let r(i) = -i + 16. Let d(u) = -u + 16. Let n(j) = -5*d(j) + 4*r(j). What is n(q)?
-8
Let d = 29 - 13. Let x = 21 - d. Let v(o) = -o**3 + 6*o**2 - 2*o - 3. Give v(x).
12
Let u(w) = -w - 2. Suppose 1 - 7 = 3*l. Let v = 7 + l. Suppose s = -1 + v. Give u(s).
-6
Let m(a) = 216*a + 50. Let l(k) = -76*k - 17. Let x(u) = -17*l(u) - 6*m(u). Give x(-6).
13
Let m(h) = -242*h**2 + 0*h - 2*h + 2 + 222*h**2 + 0. Give m(-2).
-74
Suppose 0*t + 11 = t + 5*a, 4*a - 9 = -t. Let k(f) = 99*f. Let c(d) = 14*d. Let z(q) = -36*c(q) + 5*k(q). Give z(t).
-9
Let j(v) be the first derivative of -1/2*v**2 + 3 - 3*v - 1/6*v**3 + 0*v**4 - 1/4*v**5. Let d(q) be the first derivative of j(q). What is d(-1)?
5
Let a(h) be the second derivative of -h**6/360 + h**5/60 + 5*h**4/12 + 2*h. Let g(o) be the third derivative of a(o). Suppose -4*z = -11 - 1. What is g(z)?
-4
Let y = 41 - 38. Suppose 2*u - p = y*u + 8, 0 = -5*p - 10. Let o(c) = c + 3. Give o(u).
-3
Suppose -3*j = -n - 85 + 4, 0 = j + n - 31. Let d(s) = 0*s**2 - 2*s + 3 + 27*s**3 - 5*s**2 - j*s**3 - 5. Give d(-4).
-10
Suppose -5*t + n + 345 = 0, -2*t + 135 = -n - 0*n. Let g(b) = t*b - 35*b - 36*b - 8. Let l(d) = d + 7. Let w be l(-7). Calculate g(w).
-8
Let d be (-21)/(-3)*-1*23. Let j = -157 - d. Let z(b) be the first derivative of -b**2/2 - 1. What is z(j)?
-4
Let o(z) = z**2 + 4*z - 17. Suppose 0 = -331*f + 317*f - 98. Give o(f).
4
Let u be ((-10)/4)/(5/(-10)). Let w(a) = a + 1 + 34*a**2 - 18*a**2 - 17*a**2. What is w(u)?
-19
Let z(a) = -a**2 - 5*a - 2. Let h be (-3 + 0)/(6/(-14)). Suppose -19 = h*i + 9. Calculate z(i).
2
Let j(g) = 2*g - 20. Let a(p) = 5*p - 39. Let k(o) = -3*a(o) + 5*j(o). Let h be k(5). Let r(z) = -z**2 - 6*z + 9. Determine r(h).
-7
Let r(h) = 4 + 2 - 15 + 2 + h - 14. Determine r(11).
-10
Let j(p) = -p**3 + 19*p**2 + 21*p - 25. Let g = -1350 + 1370. Give j(g).
-5
Let p(j) = -j**2 - 4*j + 3. Let w be (0 + 9/(-30)*-5)*2. Give p(w).
-18
Let o be ((-49)/(-147))/(1/(-12)). Let i(a) = 3*a**2 + 4*a + 2. Give i(o).
34
Let v(l) = -l**2 - 3*l - 3. Suppose -33*f - 21 - 78 = 0. Calculate v(f).
-3
Let i(s) = s**3 + 2*s**2 - 1. Let g(t) = 3*t - 3. Let h be g(1). Let o be h + (-6)/4*2. Calculate i(o).
-10
Let m(a) be the third derivative of -a**4/6 - 4*a**3/3 - 7*a**2 + 2*a. Give m(-8).
24
Let d(z) = z**2 - 6*z + 4. Let m(l) be the first derivative of 2*l**3 - l - 4. Let k be m(1). What is d(k)?
-1
Let q(v) = -v**3 - v**2 - 5. Let n(u) = 2*u**3 - u + 2. Let k(s) = 2*n(s) + q(s). Give k(-1).
-3
Let i(l) = 6*l**3 - 6*l**2 - 7*l - 5. Let y(j) = -17*j**3 + 17*j**2 + 19*j + 14. Let n(d) = 11*i(d) + 4*y(d). Determine n(2).
-9
Suppose 5*n + 24 - 4 = 0, 12 = 4*w + 5*n. Suppose -19*z = -w*z + 77. Let o(l) = l**3 + 7*l**2 - l. Determine o(z).
7
Let n(j) = 16*j**3 + 14*j**2 - 21*j. Let a(h) = 7*h**3 + 7*h**2 - 10*h + 1. Let s(f) = 7*a(f) - 3*n(f). Give s(-8).
-1
Let a(x) = -x - 5. Let t(l) = -l + 2. Let c(p) = 12*p - 22. Let g(h) = -6*c(h) - 68*t(h). Let v be g(-1). Give a(v).
-5
Let k(h) = 4*h - 7. Suppose c = 4*p - 9, 4*c + 14 = -0*p + 5*p. Let a be k(p). Let j(m) = 4*m - 1. Calculate j(a).
3
Let a(v) = -v**3 - 6*v - 7. Let d(u) = 2*u**3 - u**2 + 12*u + 15. Let y(i) = 13*a(i) + 6*d(i). Give y(-5).
4
Suppose 0 = -11*f + 14*f - 21. Let y(o) = o + f + o + o - o. Give y(-6).
-5
Suppose -w - 5 = -4*p + 2*w, -2*w = -2*p. Let n(m) = m - m + 6*m**2 - 5*m**2 + p*m. Let i(l) = -l**2 + 7*l + 3. Let t be i(8). Give n(t).
0
Let k be (7 - (3 + 11)/7) + -5. Let b(c) be the second derivative of k - 2/3*c**3 - 8*c + c**2 - 1/12*c**4. Give b(-4).
2
Let r(z) = z + 7. Suppose 2*x = 1 - 11. Let v be r(x). Let k(u) = v*u + 0*u - 4 - u. Determine k(-4).
-8
Let r(u) = -19*u**2 - 13*u - 7. Let k(a) = -41*a**2 - 27*a - 16. Let j(b) = -6*k(b) + 13*r(b). What is j(-7)?
5
Let p(v) = v**3 - 7*v**2 - 3*v - 1. Suppose 45 = -4*o + 3*z - 158, 5*o = 3*z - 253. Let n = o + 57. What is p(n)?
-22
Let q(u) be the first derivative of -5/3*u**3 + 2 - 3*u**2 + 6*u + 1/4*u**4. Let a = 11 + -5. Give q(a).
6
Let s(b) = b**3 - 8*b**2 + 10*b - 4. Let r be s(6). Let u be (0 - 2)/((-4)/(-18)). Let k = r - u. Let n(h) = -h - 9. What is n(k)?
-2
Let b(m) be the first derivative of 1/3*m**3 - 21 + 4*m**2 + 5*m. What is b(-6)?
-7
Let i be (-4)/(-18) + 3 + (-377)/117. Let l(h) = -h**2 + 2*h + 3. Calculate l(i).
3
Let g(d) = 4*d + d - 4*d. Let b(y) = -3*y**2. Let i be b(-2). Let k be 2 - 9/i*-4. Calculate g(k).
-1
Let p(f) = -3*f**2 + 1. Let z(j) = 3*j**3 + 11*j**2 - j - 3. Let q(k) = -4*p(k) - z(k). Suppose -c + 3 - 2 = 0. Give q(c).
-2
Let a(x) be the first derivative of -2*x - 1 - 1/4*x**4 + 0*x**3 + 1/2*x**2. Suppose 0 = 24*r - 34*r - 7*r. Calculate a(r).
-2
Let l(k) = -k**3 + 6*k**2 + 9*k - 7. Let d = -150 + 158. Let z = 7 - 3. Suppose z*q = d*q - 28. Determine l(q).
7
Let a(c) = -26*c + 5. Let i(l) = 15*l - 3. Let h(m) = -4*a(m) - 7*i(m). Determine h(3).
-2
Let d(c) be the first derivative of c**7/840 - 7*c**6/360 + 7*c**5/120 - c**4/6 - 3*c**3 - 40. Let r(s) be the third derivative of d(s). Determine r(6).
2
Let g be (2*(-2)/8)/((-6)/72). Let c(v) = v**3 - 7*v**2 + 3*v + 13. Let i be c(g). Let f(w) = 3*w + 2. Give f(i).
-13
Let b be 2/8 + 46/8. Let i = -28 + 34. Let f(g) = i + b*g**2 + 7*g + g**3 - 6. Determine f(-5).
-10
Let z(i) = 9*i**2 + 2*i - 2. Suppose 0 = -10*t + 17*t + 14. Calculate z(t).
30
Let h(t) = t**2 - 1. Let x(i) = 2*i**2 + i. Let z(u) = -3*h(u) + 2*x(u). What is z(-5)?
18
Let v = 86 + -72. Let p be 42/(-98) + (-8)/v + -3. Let t(h) = 2*h + 6. What is t(p)?
-2
Let f(o) be the first derivative of -o**3/2 - 3*o**2/2 - 5*o - 1. Let v(a) be the first derivative of f(a). Calculate v(-3).
6
Let c be -1 - (27 + -28)/(3/15). Let f(t) be the third derivative of -t**4/24 + t**3/6 - t**2. Calculate f(c).
-3
Suppose -3*w + 64 = 5*y, -3*w = 3*y - 43 - 17. Suppose -10 = -w*p + 23*p. Let f(c) = -c**3 - 2*c**2 - 2*c - 2. Determine f(p).
2
Let j be 589/57 - 4/(-6). Let c(d) = -d**2 + 11*d + 1. Determine c(j).
1
Let a(d) = -d**2 + d + 7. Let n be (-10)/(-35) + 2/(-7). Let i be a(n). Let l(j) = j + 2*j - i*j. Calculate l(-2).
8
Suppose -3*f + 2*c + 14 = f, f = 4*c + 7. Let t(z) = z**3 - 1 + 38*z**2 + z**3 - 37*z**2 + 6*z**f. Determine t(1).
8
Let j(f) = 10*f - 6 + f**3 - 162*f**2 + 65*f**2 + 88*f**2. Determine j(8).
10
Let k be (-6)/33 - 93/33. Let v be -3 + 2 + k + 6. Let m(j) = 5*j**2 - 8*j - 5*j**2 + 1 - j**2 - v. Determine m(-6).
11
Let s(h) = h**3 + 6*h**2 - 6*h + 3. Suppose 2*z + 18 = 3*d + d, 5*z + 30 = -5*d. What is s(z)?
-4
Let x(o) = -7*o - 13. Suppose -4*q + 2*t - 20 = 0, -4*q + t - 